{"id":166,"date":"2011-03-09T22:50:09","date_gmt":"2011-03-09T21:50:09","guid":{"rendered":"https:\/\/www.cuihamo.fr\/?page_id=166"},"modified":"2024-08-18T20:15:59","modified_gmt":"2024-08-18T19:15:59","slug":"soutien-a-la-population","status":"publish","type":"page","link":"https:\/\/cuihamo.fr\/?page_id=166","title":{"rendered":"Dons de mat\u00e9riels"},"content":{"rendered":"<p>Les dons mat\u00e9riels r\u00e9colt\u00e9s en France sont partag\u00e9s sur place \u00e0 la population en difficult\u00e9.<\/p>\n<p>Le mat\u00e9riel scolaire et les jouets r\u00e9colt\u00e9s sont distribu\u00e9s aux enfants et aux \u00e9coles par les membres de l\u2019association.<\/p>\n<p>En 2023, distribution des habits envoy\u00e9s en 2021.<\/p>\n<p>En 2021, un probable dernier envoi d&rsquo;habits a \u00e9t\u00e9 effectu\u00e9 (les co\u00fbts de transport ont \u00e9norm\u00e9ment augment\u00e9).<\/p>\n<figure id=\"attachment_1080\" aria-describedby=\"caption-attachment-1080\" style=\"width: 300px\" class=\"wp-caption aligncenter\"><img loading=\"lazy\" decoding=\"async\" class=\"size-medium wp-image-1080\" src=\"https:\/\/cuihamo.fr\/wp-content\/uploads\/2022\/09\/IMG-20220223-WA0000-300x225.jpg\" alt=\"\" width=\"300\" height=\"225\" srcset=\"https:\/\/cuihamo.fr\/wp-content\/uploads\/2022\/09\/IMG-20220223-WA0000-300x225.jpg 300w, https:\/\/cuihamo.fr\/wp-content\/uploads\/2022\/09\/IMG-20220223-WA0000-768x576.jpg 768w, https:\/\/cuihamo.fr\/wp-content\/uploads\/2022\/09\/IMG-20220223-WA0000.jpg 1000w\" sizes=\"auto, (max-width: 300px) 100vw, 300px\" \/><figcaption id=\"caption-attachment-1080\" class=\"wp-caption-text\">Les colis d&rsquo;habits<\/figcaption><\/figure>\n<table>\n<tbody>\n<tr>\n<td>\n<p><figure id=\"attachment_437\" aria-describedby=\"caption-attachment-437\" style=\"width: 300px\" class=\"wp-caption aligncenter\"><a href=\"https:\/\/cuihamo.fr\/?attachment_id=437\" rel=\"attachment wp-att-437\"><img loading=\"lazy\" decoding=\"async\" title=\"don_de_jouets_1\" src=\"https:\/\/cuihamo.fr\/wp-content\/uploads\/2011\/03\/don_de_jouets_1.jpg\" alt=\"\" width=\"300\" height=\"225\" \/><\/a><figcaption id=\"caption-attachment-437\" class=\"wp-caption-text\">Don de jouets<\/figcaption><\/figure><\/td>\n<td>\n<p><figure id=\"attachment_436\" aria-describedby=\"caption-attachment-436\" style=\"width: 300px\" class=\"wp-caption aligncenter\"><a href=\"https:\/\/cuihamo.fr\/?attachment_id=436\" rel=\"attachment wp-att-436\"><img loading=\"lazy\" decoding=\"async\" title=\"don_de_jouets_2\" src=\"https:\/\/cuihamo.fr\/wp-content\/uploads\/2011\/03\/don_de_jouets_2.jpg\" alt=\"\" width=\"300\" height=\"225\" \/><\/a><figcaption id=\"caption-attachment-436\" class=\"wp-caption-text\">Don de jouets<\/figcaption><\/figure><\/td>\n<\/tr>\n<\/tbody>\n<\/table>\n<div class=\"mceTemp mceIEcenter\">Gr\u00e2ce \u00e0 des dons d\u2019ordinateurs, l\u2019association a pu fournir ce mat\u00e9riel \u00e0 des personnes en insertion sociale.<\/div>\n<table>\n<tbody>\n<tr>\n<td>\n<p><figure id=\"attachment_435\" aria-describedby=\"caption-attachment-435\" style=\"width: 300px\" class=\"wp-caption aligncenter\"><a href=\"https:\/\/cuihamo.fr\/?attachment_id=435\" rel=\"attachment wp-att-435\"><img loading=\"lazy\" decoding=\"async\" title=\"remise_de_l_ordinateur\" src=\"https:\/\/cuihamo.fr\/wp-content\/uploads\/2011\/03\/remise_de_l_ordinateur.jpg\" alt=\"\" width=\"300\" height=\"225\" \/><\/a><figcaption id=\"caption-attachment-435\" class=\"wp-caption-text\">Remise de l&rsquo;ordinateur<\/figcaption><\/figure><\/td>\n<td>\n<p><figure id=\"attachment_434\" aria-describedby=\"caption-attachment-434\" style=\"width: 300px\" class=\"wp-caption aligncenter\"><a href=\"https:\/\/cuihamo.fr\/?attachment_id=434\" rel=\"attachment wp-att-434\"><img loading=\"lazy\" decoding=\"async\" title=\"ordinateur_remis\" src=\"https:\/\/cuihamo.fr\/wp-content\/uploads\/2011\/03\/ordinateur_remis.jpg\" alt=\"\" width=\"300\" height=\"225\" \/><\/a><figcaption id=\"caption-attachment-434\" class=\"wp-caption-text\">Ordinateur remis<\/figcaption><\/figure><\/td>\n<\/tr>\n<\/tbody>\n<\/table>\n<figure id=\"attachment_433\" aria-describedby=\"caption-attachment-433\" style=\"width: 300px\" class=\"wp-caption aligncenter\"><a href=\"https:\/\/cuihamo.fr\/?attachment_id=433\" rel=\"attachment wp-att-433\"><img loading=\"lazy\" decoding=\"async\" title=\"remerciements_du_r\u00e9ceptionnaire\" src=\"https:\/\/cuihamo.fr\/wp-content\/uploads\/2011\/03\/remerciements_du_r\u00e9ceptionnaire.jpg\" alt=\"\" width=\"300\" height=\"225\" \/><\/a><figcaption id=\"caption-attachment-433\" class=\"wp-caption-text\">Remerciements du r\u00e9ceptionnaire<\/figcaption><\/figure>\n<p>Gr\u00e2ce \u00e0 cet ordinateur, le r\u00e9ceptionnaire a pu s&rsquo;ins\u00e9rer dans la vie sociale et devenir \u00e9crivain public (il r\u00e9dige les courriers pour les autres).<\/p>\n<p>Les v\u00eatements sont remis aux familles d\u00e9munies.<\/p>\n<table>\n<tbody>\n<tr>\n<td>\n<p><figure id=\"attachment_432\" aria-describedby=\"caption-attachment-432\" style=\"width: 300px\" class=\"wp-caption aligncenter\"><a href=\"https:\/\/cuihamo.fr\/?attachment_id=432\" rel=\"attachment wp-att-432\"><img loading=\"lazy\" decoding=\"async\" title=\"tri_de_vetements\" src=\"https:\/\/cuihamo.fr\/wp-content\/uploads\/2011\/03\/tri_de_vetements.jpg\" alt=\"\" width=\"300\" height=\"225\" \/><\/a><figcaption id=\"caption-attachment-432\" class=\"wp-caption-text\">Tri de v\u00eatements<\/figcaption><\/figure><\/td>\n<td>\n<p><figure id=\"attachment_431\" aria-describedby=\"caption-attachment-431\" style=\"width: 300px\" class=\"wp-caption aligncenter\"><a href=\"https:\/\/cuihamo.fr\/?attachment_id=431\" rel=\"attachment wp-att-431\"><img loading=\"lazy\" decoding=\"async\" title=\"distribution_de_vetements_1\" src=\"https:\/\/cuihamo.fr\/wp-content\/uploads\/2011\/03\/distribution_de_vetements_1.jpg\" alt=\"\" width=\"300\" height=\"225\" \/><\/a><figcaption id=\"caption-attachment-431\" class=\"wp-caption-text\">Distribution de v\u00eatements<\/figcaption><\/figure><\/td>\n<\/tr>\n<\/tbody>\n<\/table>\n<table>\n<tbody>\n<tr>\n<td>\n<p><figure id=\"attachment_430\" aria-describedby=\"caption-attachment-430\" style=\"width: 300px\" class=\"wp-caption aligncenter\"><a href=\"https:\/\/cuihamo.fr\/?attachment_id=430\" rel=\"attachment wp-att-430\"><img loading=\"lazy\" decoding=\"async\" title=\"distribution_de_vetements_2\" src=\"https:\/\/cuihamo.fr\/wp-content\/uploads\/2011\/03\/distribution_de_vetements_2.jpg\" alt=\"\" width=\"300\" height=\"225\" \/><\/a><figcaption id=\"caption-attachment-430\" class=\"wp-caption-text\">Distribution de v\u00eatements<\/figcaption><\/figure><\/td>\n<td>\n<p><figure id=\"attachment_429\" aria-describedby=\"caption-attachment-429\" style=\"width: 300px\" class=\"wp-caption aligncenter\"><a href=\"https:\/\/cuihamo.fr\/?attachment_id=429\" rel=\"attachment wp-att-429\"><img loading=\"lazy\" decoding=\"async\" title=\"Essayage_de_vetements\" src=\"https:\/\/cuihamo.fr\/wp-content\/uploads\/2011\/03\/Essayage_de_vetements.jpg\" alt=\"\" width=\"300\" height=\"225\" \/><\/a><figcaption id=\"caption-attachment-429\" class=\"wp-caption-text\">Essayage de v\u00eatements<\/figcaption><\/figure><\/td>\n<\/tr>\n<\/tbody>\n<\/table>\n<div class=\"mceTemp mceIEcenter\">Le don d\u2019une voiture, dont l\u2019association a pay\u00e9 la remise en \u00e9tat, facilite le d\u00e9placement des membres sur place.<\/div>\n<table>\n<tbody>\n<tr>\n<td>\n<p><figure id=\"attachment_428\" aria-describedby=\"caption-attachment-428\" style=\"width: 300px\" class=\"wp-caption aligncenter\"><a href=\"https:\/\/cuihamo.fr\/?attachment_id=428\" rel=\"attachment wp-att-428\"><img loading=\"lazy\" decoding=\"async\" title=\"utilisation_de_la_voiture_pour_l_acheminement_vers_les_lieux_de_distribution\" src=\"https:\/\/cuihamo.fr\/wp-content\/uploads\/2011\/03\/utilisation_de_la_voiture_pour_l_acheminement_vers_les_lieux_de_distribution1.jpg\" alt=\"\" width=\"300\" height=\"225\" \/><\/a><figcaption id=\"caption-attachment-428\" class=\"wp-caption-text\">Utilisation de la voiture pour l&rsquo;acheminement vers les lieux de distribution<\/figcaption><\/figure><\/td>\n<td>\n<p><figure id=\"attachment_427\" aria-describedby=\"caption-attachment-427\" style=\"width: 300px\" class=\"wp-caption aligncenter\"><a href=\"https:\/\/cuihamo.fr\/?attachment_id=427\" rel=\"attachment wp-att-427\"><img loading=\"lazy\" decoding=\"async\" title=\"photo_de_la_voiture_lors_de_la_visite_d_un_chantier\" src=\"https:\/\/cuihamo.fr\/wp-content\/uploads\/2011\/03\/photo_de_la_voiture_lors_de_la_visite_d_un_chantier1.jpg\" alt=\"\" width=\"300\" height=\"225\" \/><\/a><figcaption id=\"caption-attachment-427\" class=\"wp-caption-text\">Photo de la voiture lors de la visite d&rsquo;un chantier<\/figcaption><\/figure><\/td>\n<\/tr>\n<\/tbody>\n<\/table>\n","protected":false},"excerpt":{"rendered":"<p>Les dons mat\u00e9riels r\u00e9colt\u00e9s en France sont partag\u00e9s sur place \u00e0 la population en difficult\u00e9. Le mat\u00e9riel scolaire et les jouets r\u00e9colt\u00e9s sont distribu\u00e9s aux enfants et aux \u00e9coles par les membres de l\u2019association. En&hellip;<\/p>\n<p class=\"more-link-wrapper\"><a href=\"https:\/\/cuihamo.fr\/?page_id=166\" class=\"more-link\">Continue Reading<span class=\"screen-reader-text\"> \u00ab\u00a0Dons de mat\u00e9riels\u00a0\u00bb<\/span><\/a><\/p>\n","protected":false},"author":7,"featured_media":0,"parent":23,"menu_order":13,"comment_status":"closed","ping_status":"open","template":"","meta":{"footnotes":""},"class_list":["post-166","page","type-page","status-publish","hentry"],"_links":{"self":[{"href":"https:\/\/cuihamo.fr\/index.php?rest_route=\/wp\/v2\/pages\/166","targetHints":{"allow":["GET"]}}],"collection":[{"href":"https:\/\/cuihamo.fr\/index.php?rest_route=\/wp\/v2\/pages"}],"about":[{"href":"https:\/\/cuihamo.fr\/index.php?rest_route=\/wp\/v2\/types\/page"}],"author":[{"embeddable":true,"href":"https:\/\/cuihamo.fr\/index.php?rest_route=\/wp\/v2\/users\/7"}],"replies":[{"embeddable":true,"href":"https:\/\/cuihamo.fr\/index.php?rest_route=%2Fwp%2Fv2%2Fcomments&post=166"}],"version-history":[{"count":42,"href":"https:\/\/cuihamo.fr\/index.php?rest_route=\/wp\/v2\/pages\/166\/revisions"}],"predecessor-version":[{"id":1112,"href":"https:\/\/cuihamo.fr\/index.php?rest_route=\/wp\/v2\/pages\/166\/revisions\/1112"}],"up":[{"embeddable":true,"href":"https:\/\/cuihamo.fr\/index.php?rest_route=\/wp\/v2\/pages\/23"}],"wp:attachment":[{"href":"https:\/\/cuihamo.fr\/index.php?rest_route=%2Fwp%2Fv2%2Fmedia&parent=166"}],"curies":[{"name":"wp","href":"https:\/\/api.w.org\/{rel}","templated":true}]}}