{"id":568,"date":"2013-07-28T14:34:31","date_gmt":"2013-07-28T13:34:31","guid":{"rendered":"https:\/\/www.cuihamo.fr\/?page_id=568"},"modified":"2022-09-11T20:07:45","modified_gmt":"2022-09-11T19:07:45","slug":"aide-sociale","status":"publish","type":"page","link":"https:\/\/cuihamo.fr\/?page_id=568","title":{"rendered":"Aide sociale"},"content":{"rendered":"<p>En 2018, l&rsquo;Association a pris en charge les frais d&rsquo;hospitalisation et de l&rsquo;intervention chirurgicale de l&rsquo;enfant KOM Ferdinand,\u00a0souffrant d\u2019un grave handicap au niveau des jambes.<\/p>\n<figure id=\"attachment_972\" aria-describedby=\"caption-attachment-972\" style=\"width: 207px\" class=\"wp-caption aligncenter\"><img loading=\"lazy\" decoding=\"async\" class=\"size-medium wp-image-972\" src=\"https:\/\/cuihamo.fr\/wp-content\/uploads\/2013\/07\/2018_avant-l-intervention-207x300.jpg\" alt=\"\" width=\"207\" height=\"300\" srcset=\"https:\/\/cuihamo.fr\/wp-content\/uploads\/2013\/07\/2018_avant-l-intervention-207x300.jpg 207w, https:\/\/cuihamo.fr\/wp-content\/uploads\/2013\/07\/2018_avant-l-intervention-768x1115.jpg 768w, https:\/\/cuihamo.fr\/wp-content\/uploads\/2013\/07\/2018_avant-l-intervention-705x1024.jpg 705w, https:\/\/cuihamo.fr\/wp-content\/uploads\/2013\/07\/2018_avant-l-intervention.jpg 1168w\" sizes=\"auto, (max-width: 207px) 100vw, 207px\" \/><figcaption id=\"caption-attachment-972\" class=\"wp-caption-text\">Avant l&rsquo;intervention<\/figcaption><\/figure>\n<figure id=\"attachment_973\" aria-describedby=\"caption-attachment-973\" style=\"width: 225px\" class=\"wp-caption aligncenter\"><img loading=\"lazy\" decoding=\"async\" class=\"size-medium wp-image-973\" src=\"https:\/\/cuihamo.fr\/wp-content\/uploads\/2013\/07\/2018_apr\u00e8s-l-intervention-jambes-platr\u00e9es-225x300.jpg\" alt=\"\" width=\"225\" height=\"300\" srcset=\"https:\/\/cuihamo.fr\/wp-content\/uploads\/2013\/07\/2018_apr\u00e8s-l-intervention-jambes-platr\u00e9es-225x300.jpg 225w, https:\/\/cuihamo.fr\/wp-content\/uploads\/2013\/07\/2018_apr\u00e8s-l-intervention-jambes-platr\u00e9es-768x1024.jpg 768w, https:\/\/cuihamo.fr\/wp-content\/uploads\/2013\/07\/2018_apr\u00e8s-l-intervention-jambes-platr\u00e9es.jpg 780w\" sizes=\"auto, (max-width: 225px) 100vw, 225px\" \/><figcaption id=\"caption-attachment-973\" class=\"wp-caption-text\">Apr\u00e8s l&rsquo;intervention, jambes pl\u00e2tr\u00e9es.<\/figcaption><\/figure>\n<p>En 2017, l&rsquo;Association a pris en charge les frais d&rsquo;hospitalisation du ma\u00e7on qui malheureusement est d\u00e9c\u00e9d\u00e9 et nous avons soutenu sa veuve en lui permettant d&rsquo;ouvrir un petit commerce.<\/p>\n<p>L&rsquo;Association a pris en charge des frais d&rsquo;hospitalisation et fournitures de m\u00e9dicaments pour certaines personnes compl\u00e8tement d\u00e9munies.<\/p>\n<figure id=\"attachment_686\" aria-describedby=\"caption-attachment-686\" style=\"width: 300px\" class=\"wp-caption aligncenter\"><a href=\"https:\/\/cuihamo.fr\/?attachment_id=686\" rel=\"attachment wp-att-686\"><img loading=\"lazy\" decoding=\"async\" class=\"size-medium wp-image-686\" title=\"aide jeune maman\" src=\"https:\/\/cuihamo.fr\/wp-content\/uploads\/2013\/07\/aide-jeune-maman-300x225.jpg\" alt=\"\" width=\"300\" height=\"225\" srcset=\"https:\/\/cuihamo.fr\/wp-content\/uploads\/2013\/07\/aide-jeune-maman-300x225.jpg 300w, https:\/\/cuihamo.fr\/wp-content\/uploads\/2013\/07\/aide-jeune-maman-1024x769.jpg 1024w\" sizes=\"auto, (max-width: 300px) 100vw, 300px\" \/><\/a><figcaption id=\"caption-attachment-686\" class=\"wp-caption-text\">Une jeune maman aid\u00e9e<\/figcaption><\/figure>\n","protected":false},"excerpt":{"rendered":"<p>En 2018, l&rsquo;Association a pris en charge les frais d&rsquo;hospitalisation et de l&rsquo;intervention chirurgicale de l&rsquo;enfant KOM Ferdinand,\u00a0souffrant d\u2019un grave handicap au niveau des jambes. En 2017, l&rsquo;Association a pris en charge les frais d&rsquo;hospitalisation&hellip;<\/p>\n<p class=\"more-link-wrapper\"><a href=\"https:\/\/cuihamo.fr\/?page_id=568\" class=\"more-link\">Continue Reading<span class=\"screen-reader-text\"> \u00ab\u00a0Aide sociale\u00a0\u00bb<\/span><\/a><\/p>\n","protected":false},"author":5,"featured_media":0,"parent":23,"menu_order":12,"comment_status":"closed","ping_status":"open","template":"","meta":{"footnotes":""},"class_list":["post-568","page","type-page","status-publish","hentry"],"_links":{"self":[{"href":"https:\/\/cuihamo.fr\/index.php?rest_route=\/wp\/v2\/pages\/568","targetHints":{"allow":["GET"]}}],"collection":[{"href":"https:\/\/cuihamo.fr\/index.php?rest_route=\/wp\/v2\/pages"}],"about":[{"href":"https:\/\/cuihamo.fr\/index.php?rest_route=\/wp\/v2\/types\/page"}],"author":[{"embeddable":true,"href":"https:\/\/cuihamo.fr\/index.php?rest_route=\/wp\/v2\/users\/5"}],"replies":[{"embeddable":true,"href":"https:\/\/cuihamo.fr\/index.php?rest_route=%2Fwp%2Fv2%2Fcomments&post=568"}],"version-history":[{"count":11,"href":"https:\/\/cuihamo.fr\/index.php?rest_route=\/wp\/v2\/pages\/568\/revisions"}],"predecessor-version":[{"id":1066,"href":"https:\/\/cuihamo.fr\/index.php?rest_route=\/wp\/v2\/pages\/568\/revisions\/1066"}],"up":[{"embeddable":true,"href":"https:\/\/cuihamo.fr\/index.php?rest_route=\/wp\/v2\/pages\/23"}],"wp:attachment":[{"href":"https:\/\/cuihamo.fr\/index.php?rest_route=%2Fwp%2Fv2%2Fmedia&parent=568"}],"curies":[{"name":"wp","href":"https:\/\/api.w.org\/{rel}","templated":true}]}}