{"id":814,"date":"2016-07-30T17:29:58","date_gmt":"2016-07-30T16:29:58","guid":{"rendered":"https:\/\/www.cuihamo.fr\/?page_id=814"},"modified":"2022-09-11T19:41:28","modified_gmt":"2022-09-11T18:41:28","slug":"forage-dun-puits-avec-chateau-deau","status":"publish","type":"page","link":"https:\/\/cuihamo.fr\/?page_id=814","title":{"rendered":"Forages de puits"},"content":{"rendered":"<ol>\n<li><strong>En 2015, l&rsquo;association CUI.HA.MO. a achet\u00e9 un terrain sur lequel ont \u00e9t\u00e9 r\u00e9alis\u00e9s <\/strong><strong>un forage d\u2019un puits, avec un ch\u00e2teau d\u2019eau muni de pompe \u00e9lectrique avec groupe \u00e9lectrog\u00e8ne.<\/strong><\/li>\n<\/ol>\n<p>Il existe un puits d&rsquo;eau non potable \u00e0 KOMPINA, mais les habitants ont environ 2 km \u00e0&nbsp;parcourir&nbsp;&nbsp;pour remplir des bidons \u00e0 la source.<\/p>\n<figure id=\"attachment_676\" aria-describedby=\"caption-attachment-676\" style=\"width: 300px\" class=\"wp-caption aligncenter\"><a href=\"https:\/\/cuihamo.fr\/?attachment_id=676\" rel=\"attachment wp-att-676\"><img loading=\"lazy\" decoding=\"async\" class=\"size-medium wp-image-676\" title=\"puits d'eau non potable 1\" src=\"https:\/\/cuihamo.fr\/wp-content\/uploads\/2010\/11\/puits-deau-non-potable-1-300x168.jpg\" alt=\"\" width=\"300\" height=\"168\" srcset=\"https:\/\/cuihamo.fr\/wp-content\/uploads\/2010\/11\/puits-deau-non-potable-1-300x168.jpg 300w, https:\/\/cuihamo.fr\/wp-content\/uploads\/2010\/11\/puits-deau-non-potable-1-1024x576.jpg 1024w\" sizes=\"auto, (max-width: 300px) 100vw, 300px\" \/><\/a><figcaption id=\"caption-attachment-676\" class=\"wp-caption-text\">Puits d&rsquo;eau non potable \u00e0 KOMPINA<\/figcaption><\/figure>\n<p>&nbsp;<\/p>\n<figure id=\"attachment_677\" aria-describedby=\"caption-attachment-677\" style=\"width: 300px\" class=\"wp-caption aligncenter\"><a href=\"https:\/\/cuihamo.fr\/?attachment_id=677\" rel=\"attachment wp-att-677\"><img loading=\"lazy\" decoding=\"async\" class=\"size-medium wp-image-677\" title=\"puits d'eau non potable 2\" src=\"https:\/\/cuihamo.fr\/wp-content\/uploads\/2010\/11\/puits-deau-non-potable-2-300x168.jpg\" alt=\"\" width=\"300\" height=\"168\" srcset=\"https:\/\/cuihamo.fr\/wp-content\/uploads\/2010\/11\/puits-deau-non-potable-2-300x168.jpg 300w, https:\/\/cuihamo.fr\/wp-content\/uploads\/2010\/11\/puits-deau-non-potable-2-1024x576.jpg 1024w\" sizes=\"auto, (max-width: 300px) 100vw, 300px\" \/><\/a><figcaption id=\"caption-attachment-677\" class=\"wp-caption-text\">L&rsquo;eau du puits n&rsquo;est pas consommable<\/figcaption><\/figure>\n<p>&nbsp;<\/p>\n<p>&nbsp;<\/p>\n<figure id=\"attachment_678\" aria-describedby=\"caption-attachment-678\" style=\"width: 300px\" class=\"wp-caption aligncenter\"><a href=\"https:\/\/cuihamo.fr\/?attachment_id=678\" rel=\"attachment wp-att-678\"><img loading=\"lazy\" decoding=\"async\" class=\"size-medium wp-image-678\" title=\"\u00e0 la source 1\" src=\"https:\/\/cuihamo.fr\/wp-content\/uploads\/2010\/11\/\u00e0-la-source-1-300x225.jpg\" alt=\"\" width=\"300\" height=\"225\" srcset=\"https:\/\/cuihamo.fr\/wp-content\/uploads\/2010\/11\/\u00e0-la-source-1-300x225.jpg 300w, https:\/\/cuihamo.fr\/wp-content\/uploads\/2010\/11\/\u00e0-la-source-1-1024x768.jpg 1024w\" sizes=\"auto, (max-width: 300px) 100vw, 300px\" \/><\/a><figcaption id=\"caption-attachment-678\" class=\"wp-caption-text\">A la source d&rsquo;eau potable, \u00e0 2km de KOMPINA<\/figcaption><\/figure>\n<figure id=\"attachment_679\" aria-describedby=\"caption-attachment-679\" style=\"width: 300px\" class=\"wp-caption aligncenter\"><a href=\"https:\/\/cuihamo.fr\/?attachment_id=679\" rel=\"attachment wp-att-679\"><img loading=\"lazy\" decoding=\"async\" class=\"size-medium wp-image-679\" title=\"\u00e0 la source 2\" src=\"https:\/\/cuihamo.fr\/wp-content\/uploads\/2010\/11\/\u00e0-la-source-2-300x225.jpg\" alt=\"\" width=\"300\" height=\"225\" srcset=\"https:\/\/cuihamo.fr\/wp-content\/uploads\/2010\/11\/\u00e0-la-source-2-300x225.jpg 300w, https:\/\/cuihamo.fr\/wp-content\/uploads\/2010\/11\/\u00e0-la-source-2-1024x768.jpg 1024w\" sizes=\"auto, (max-width: 300px) 100vw, 300px\" \/><\/a><figcaption id=\"caption-attachment-679\" class=\"wp-caption-text\">Remplissage des bidons d&rsquo;eau potable<\/figcaption><\/figure>\n<figure id=\"attachment_680\" aria-describedby=\"caption-attachment-680\" style=\"width: 225px\" class=\"wp-caption aligncenter\"><a href=\"https:\/\/cuihamo.fr\/?attachment_id=680\" rel=\"attachment wp-att-680\"><img loading=\"lazy\" decoding=\"async\" class=\"size-medium wp-image-680\" title=\"de retour de la source\" src=\"https:\/\/cuihamo.fr\/wp-content\/uploads\/2010\/11\/de-retour-de-la-source-225x300.jpg\" alt=\"\" width=\"225\" height=\"300\" srcset=\"https:\/\/cuihamo.fr\/wp-content\/uploads\/2010\/11\/de-retour-de-la-source-225x300.jpg 225w, https:\/\/cuihamo.fr\/wp-content\/uploads\/2010\/11\/de-retour-de-la-source-768x1024.jpg 768w\" sizes=\"auto, (max-width: 225px) 100vw, 225px\" \/><\/a><figcaption id=\"caption-attachment-680\" class=\"wp-caption-text\">De retour de la source d&rsquo;eau potable<\/figcaption><\/figure>\n<p>Au premier semestre 2015 ont \u00e9t\u00e9 r\u00e9alis\u00e9s le forage du puits \u00e0 46 m de profondeur \u00e0 Kompina ainsi que la construction du ch\u00e2teau d&rsquo;eau avec une r\u00e9serve de 6 000 L.<\/p>\n<p>Un groupe \u00e9lectrog\u00e8ne a \u00e9t\u00e9 achet\u00e9 pour qu&rsquo;il y ait toujours de l&rsquo;eau disponible.<\/p>\n<figure id=\"attachment_786\" aria-describedby=\"caption-attachment-786\" style=\"width: 300px\" class=\"wp-caption aligncenter\"><a href=\"https:\/\/cuihamo.fr\/wp-content\/uploads\/2010\/11\/forage-du-puits-\u00e0-Kompina-1.jpg\"><img loading=\"lazy\" decoding=\"async\" class=\"size-medium wp-image-786\" src=\"https:\/\/cuihamo.fr\/wp-content\/uploads\/2010\/11\/forage-du-puits-\u00e0-Kompina-1-300x225.jpg\" alt=\"Forage du puits \u00e0 Kompina \" width=\"300\" height=\"225\" srcset=\"https:\/\/cuihamo.fr\/wp-content\/uploads\/2010\/11\/forage-du-puits-\u00e0-Kompina-1-300x225.jpg 300w, https:\/\/cuihamo.fr\/wp-content\/uploads\/2010\/11\/forage-du-puits-\u00e0-Kompina-1-1024x768.jpg 1024w\" sizes=\"auto, (max-width: 300px) 100vw, 300px\" \/><\/a><figcaption id=\"caption-attachment-786\" class=\"wp-caption-text\">Forage du puits \u00e0 Kompina<\/figcaption><\/figure>\n<figure id=\"attachment_787\" aria-describedby=\"caption-attachment-787\" style=\"width: 225px\" class=\"wp-caption aligncenter\"><a href=\"https:\/\/cuihamo.fr\/wp-content\/uploads\/2010\/11\/forage-du-puits-\u00e0-Kompina-2.jpg\"><img loading=\"lazy\" decoding=\"async\" class=\"size-medium wp-image-787\" src=\"https:\/\/cuihamo.fr\/wp-content\/uploads\/2010\/11\/forage-du-puits-\u00e0-Kompina-2-225x300.jpg\" alt=\"Forage du puits \u00e0 Kompina \" width=\"225\" height=\"300\" srcset=\"https:\/\/cuihamo.fr\/wp-content\/uploads\/2010\/11\/forage-du-puits-\u00e0-Kompina-2-225x300.jpg 225w, https:\/\/cuihamo.fr\/wp-content\/uploads\/2010\/11\/forage-du-puits-\u00e0-Kompina-2-768x1024.jpg 768w\" sizes=\"auto, (max-width: 225px) 100vw, 225px\" \/><\/a><figcaption id=\"caption-attachment-787\" class=\"wp-caption-text\">Forage du puits \u00e0 Kompina<\/figcaption><\/figure>\n<figure id=\"attachment_788\" aria-describedby=\"caption-attachment-788\" style=\"width: 225px\" class=\"wp-caption aligncenter\"><a href=\"https:\/\/cuihamo.fr\/wp-content\/uploads\/2010\/11\/Mise-en-place-de-la-pompe.jpg\"><img loading=\"lazy\" decoding=\"async\" class=\"size-medium wp-image-788\" src=\"https:\/\/cuihamo.fr\/wp-content\/uploads\/2010\/11\/Mise-en-place-de-la-pompe-225x300.jpg\" alt=\"Mise en place de la pompe\" width=\"225\" height=\"300\" srcset=\"https:\/\/cuihamo.fr\/wp-content\/uploads\/2010\/11\/Mise-en-place-de-la-pompe-225x300.jpg 225w, https:\/\/cuihamo.fr\/wp-content\/uploads\/2010\/11\/Mise-en-place-de-la-pompe-768x1024.jpg 768w\" sizes=\"auto, (max-width: 225px) 100vw, 225px\" \/><\/a><figcaption id=\"caption-attachment-788\" class=\"wp-caption-text\">Mise en place de la pompe<\/figcaption><\/figure>\n<figure id=\"attachment_789\" aria-describedby=\"caption-attachment-789\" style=\"width: 225px\" class=\"wp-caption aligncenter\"><a href=\"https:\/\/cuihamo.fr\/wp-content\/uploads\/2010\/11\/Premi\u00e8re-gicl\u00e9e-deau.jpg\"><img loading=\"lazy\" decoding=\"async\" class=\"size-medium wp-image-789\" src=\"https:\/\/cuihamo.fr\/wp-content\/uploads\/2010\/11\/Premi\u00e8re-gicl\u00e9e-deau-225x300.jpg\" alt=\"Premi\u00e8re gicl\u00e9e d'eau\" width=\"225\" height=\"300\" srcset=\"https:\/\/cuihamo.fr\/wp-content\/uploads\/2010\/11\/Premi\u00e8re-gicl\u00e9e-deau-225x300.jpg 225w, https:\/\/cuihamo.fr\/wp-content\/uploads\/2010\/11\/Premi\u00e8re-gicl\u00e9e-deau-768x1024.jpg 768w\" sizes=\"auto, (max-width: 225px) 100vw, 225px\" \/><\/a><figcaption id=\"caption-attachment-789\" class=\"wp-caption-text\">Premi\u00e8re gicl\u00e9e d&rsquo;eau<\/figcaption><\/figure>\n<figure id=\"attachment_790\" aria-describedby=\"caption-attachment-790\" style=\"width: 225px\" class=\"wp-caption aligncenter\"><a href=\"https:\/\/cuihamo.fr\/wp-content\/uploads\/2010\/11\/Leau-s\u00e9claircit-et-devient-potable.jpg\"><img loading=\"lazy\" decoding=\"async\" class=\"size-medium wp-image-790\" src=\"https:\/\/cuihamo.fr\/wp-content\/uploads\/2010\/11\/Leau-s\u00e9claircit-et-devient-potable-225x300.jpg\" alt=\"L'eau s'\u00e9claircit et devient potable\" width=\"225\" height=\"300\" srcset=\"https:\/\/cuihamo.fr\/wp-content\/uploads\/2010\/11\/Leau-s\u00e9claircit-et-devient-potable-225x300.jpg 225w, https:\/\/cuihamo.fr\/wp-content\/uploads\/2010\/11\/Leau-s\u00e9claircit-et-devient-potable-768x1024.jpg 768w\" sizes=\"auto, (max-width: 225px) 100vw, 225px\" \/><\/a><figcaption id=\"caption-attachment-790\" class=\"wp-caption-text\">L&rsquo;eau s&rsquo;\u00e9claircit et devient potable<\/figcaption><\/figure>\n<figure id=\"attachment_791\" aria-describedby=\"caption-attachment-791\" style=\"width: 225px\" class=\"wp-caption aligncenter\"><a href=\"https:\/\/cuihamo.fr\/wp-content\/uploads\/2010\/11\/Un-membre-de-lAssociation-prend-sa-premi\u00e8re-gorg\u00e9e-deau-du-nouveau-puits.jpg\"><img loading=\"lazy\" decoding=\"async\" class=\"size-medium wp-image-791\" src=\"https:\/\/cuihamo.fr\/wp-content\/uploads\/2010\/11\/Un-membre-de-lAssociation-prend-sa-premi\u00e8re-gorg\u00e9e-deau-du-nouveau-puits-225x300.jpg\" alt=\"Un membre de l'Association prend sa premi\u00e8re gorg\u00e9e d'eau du nouveau puits\" width=\"225\" height=\"300\" srcset=\"https:\/\/cuihamo.fr\/wp-content\/uploads\/2010\/11\/Un-membre-de-lAssociation-prend-sa-premi\u00e8re-gorg\u00e9e-deau-du-nouveau-puits-225x300.jpg 225w, https:\/\/cuihamo.fr\/wp-content\/uploads\/2010\/11\/Un-membre-de-lAssociation-prend-sa-premi\u00e8re-gorg\u00e9e-deau-du-nouveau-puits-768x1024.jpg 768w\" sizes=\"auto, (max-width: 225px) 100vw, 225px\" \/><\/a><figcaption id=\"caption-attachment-791\" class=\"wp-caption-text\">Un membre de l&rsquo;Association prend sa premi\u00e8re gorg\u00e9e d&rsquo;eau du nouveau puits<\/figcaption><\/figure>\n<p><a href=\"https:\/\/cuihamo.fr\/wp-content\/uploads\/2010\/11\/Construction-du-ch\u00e2teau-deau-1.jpg\"><img loading=\"lazy\" decoding=\"async\" class=\"aligncenter size-medium wp-image-792\" src=\"https:\/\/cuihamo.fr\/wp-content\/uploads\/2010\/11\/Construction-du-ch\u00e2teau-deau-1-225x300.jpg\" alt=\"Construction du ch\u00e2teau d'eau 1\" width=\"225\" height=\"300\" srcset=\"https:\/\/cuihamo.fr\/wp-content\/uploads\/2010\/11\/Construction-du-ch\u00e2teau-deau-1-225x300.jpg 225w, https:\/\/cuihamo.fr\/wp-content\/uploads\/2010\/11\/Construction-du-ch\u00e2teau-deau-1-768x1024.jpg 768w\" sizes=\"auto, (max-width: 225px) 100vw, 225px\" \/><\/a><\/p>\n<figure id=\"attachment_794\" aria-describedby=\"caption-attachment-794\" style=\"width: 225px\" class=\"wp-caption aligncenter\"><a href=\"https:\/\/cuihamo.fr\/wp-content\/uploads\/2010\/11\/LAbb\u00e9-Gabriel-go\u00fbte-cette-eau.jpg\"><img loading=\"lazy\" decoding=\"async\" class=\"size-medium wp-image-794\" src=\"https:\/\/cuihamo.fr\/wp-content\/uploads\/2010\/11\/LAbb\u00e9-Gabriel-go\u00fbte-cette-eau-225x300.jpg\" alt=\"L'Abb\u00e9 Gabriel go\u00fbte aussi cette eau\" width=\"225\" height=\"300\" srcset=\"https:\/\/cuihamo.fr\/wp-content\/uploads\/2010\/11\/LAbb\u00e9-Gabriel-go\u00fbte-cette-eau-225x300.jpg 225w, https:\/\/cuihamo.fr\/wp-content\/uploads\/2010\/11\/LAbb\u00e9-Gabriel-go\u00fbte-cette-eau-768x1024.jpg 768w\" sizes=\"auto, (max-width: 225px) 100vw, 225px\" \/><\/a><figcaption id=\"caption-attachment-794\" class=\"wp-caption-text\">L&rsquo;Abb\u00e9 Gabriel go\u00fbte aussi cette eau<\/figcaption><\/figure>\n<figure id=\"attachment_792\" aria-describedby=\"caption-attachment-792\" style=\"width: 225px\" class=\"wp-caption aligncenter\"><a href=\"https:\/\/cuihamo.fr\/wp-content\/uploads\/2010\/11\/Construction-du-ch\u00e2teau-deau-1.jpg\"><img loading=\"lazy\" decoding=\"async\" class=\"size-medium wp-image-792\" src=\"https:\/\/cuihamo.fr\/wp-content\/uploads\/2010\/11\/Construction-du-ch\u00e2teau-deau-1-225x300.jpg\" alt=\"Construction du ch\u00e2teau d'eau \" width=\"225\" height=\"300\" srcset=\"https:\/\/cuihamo.fr\/wp-content\/uploads\/2010\/11\/Construction-du-ch\u00e2teau-deau-1-225x300.jpg 225w, https:\/\/cuihamo.fr\/wp-content\/uploads\/2010\/11\/Construction-du-ch\u00e2teau-deau-1-768x1024.jpg 768w\" sizes=\"auto, (max-width: 225px) 100vw, 225px\" \/><\/a><figcaption id=\"caption-attachment-792\" class=\"wp-caption-text\">Construction du ch\u00e2teau d&rsquo;eau<\/figcaption><\/figure>\n<figure id=\"attachment_793\" aria-describedby=\"caption-attachment-793\" style=\"width: 225px\" class=\"wp-caption aligncenter\"><a href=\"https:\/\/cuihamo.fr\/wp-content\/uploads\/2010\/11\/Construction-du-ch\u00e2teau-deau-2.jpg\"><img loading=\"lazy\" decoding=\"async\" class=\"size-medium wp-image-793\" src=\"https:\/\/cuihamo.fr\/wp-content\/uploads\/2010\/11\/Construction-du-ch\u00e2teau-deau-2-225x300.jpg\" alt=\"Construction du ch\u00e2teau d'eau \" width=\"225\" height=\"300\" srcset=\"https:\/\/cuihamo.fr\/wp-content\/uploads\/2010\/11\/Construction-du-ch\u00e2teau-deau-2-225x300.jpg 225w, https:\/\/cuihamo.fr\/wp-content\/uploads\/2010\/11\/Construction-du-ch\u00e2teau-deau-2-768x1024.jpg 768w\" sizes=\"auto, (max-width: 225px) 100vw, 225px\" \/><\/a><figcaption id=\"caption-attachment-793\" class=\"wp-caption-text\">Construction du ch\u00e2teau d&rsquo;eau<\/figcaption><\/figure>\n<figure id=\"attachment_795\" aria-describedby=\"caption-attachment-795\" style=\"width: 225px\" class=\"wp-caption aligncenter\"><a href=\"https:\/\/cuihamo.fr\/wp-content\/uploads\/2010\/11\/Mise-en-place-de-la-citerne-1.jpg\"><img loading=\"lazy\" decoding=\"async\" class=\"size-medium wp-image-795\" src=\"https:\/\/cuihamo.fr\/wp-content\/uploads\/2010\/11\/Mise-en-place-de-la-citerne-1-225x300.jpg\" alt=\"Mise en place de la citerne de 6 000 L\" width=\"225\" height=\"300\" srcset=\"https:\/\/cuihamo.fr\/wp-content\/uploads\/2010\/11\/Mise-en-place-de-la-citerne-1-225x300.jpg 225w, https:\/\/cuihamo.fr\/wp-content\/uploads\/2010\/11\/Mise-en-place-de-la-citerne-1-768x1024.jpg 768w\" sizes=\"auto, (max-width: 225px) 100vw, 225px\" \/><\/a><figcaption id=\"caption-attachment-795\" class=\"wp-caption-text\">Mise en place de la citerne de 6 000 L<\/figcaption><\/figure>\n<figure id=\"attachment_796\" aria-describedby=\"caption-attachment-796\" style=\"width: 300px\" class=\"wp-caption aligncenter\"><a href=\"https:\/\/cuihamo.fr\/wp-content\/uploads\/2010\/11\/Mise-en-place-de-la-citerne-2.jpg\"><img loading=\"lazy\" decoding=\"async\" class=\"size-medium wp-image-796\" src=\"https:\/\/cuihamo.fr\/wp-content\/uploads\/2010\/11\/Mise-en-place-de-la-citerne-2-300x225.jpg\" alt=\"Mise en place de la citerne\" width=\"300\" height=\"225\" srcset=\"https:\/\/cuihamo.fr\/wp-content\/uploads\/2010\/11\/Mise-en-place-de-la-citerne-2-300x225.jpg 300w, https:\/\/cuihamo.fr\/wp-content\/uploads\/2010\/11\/Mise-en-place-de-la-citerne-2-1024x768.jpg 1024w\" sizes=\"auto, (max-width: 300px) 100vw, 300px\" \/><\/a><figcaption id=\"caption-attachment-796\" class=\"wp-caption-text\">Mise en place de la citerne<\/figcaption><\/figure>\n<p>2) En 2018, forage d&rsquo;un puits pr\u00e8s de l&rsquo;\u00e9cole de KOMBE et installation d&rsquo;une pompe \u00e0 bras.<\/p>\n<figure id=\"attachment_966\" aria-describedby=\"caption-attachment-966\" style=\"width: 300px\" class=\"wp-caption aligncenter\"><img loading=\"lazy\" decoding=\"async\" class=\"size-medium wp-image-966\" src=\"https:\/\/cuihamo.fr\/wp-content\/uploads\/2015\/07\/2018-Forage-du-puits-pr\u00e8s-des-nouvelles-salles-en-construction-300x225.jpg\" alt=\"\" width=\"300\" height=\"225\" srcset=\"https:\/\/cuihamo.fr\/wp-content\/uploads\/2015\/07\/2018-Forage-du-puits-pr\u00e8s-des-nouvelles-salles-en-construction-300x225.jpg 300w, https:\/\/cuihamo.fr\/wp-content\/uploads\/2015\/07\/2018-Forage-du-puits-pr\u00e8s-des-nouvelles-salles-en-construction-768x577.jpg 768w, https:\/\/cuihamo.fr\/wp-content\/uploads\/2015\/07\/2018-Forage-du-puits-pr\u00e8s-des-nouvelles-salles-en-construction-1024x769.jpg 1024w, https:\/\/cuihamo.fr\/wp-content\/uploads\/2015\/07\/2018-Forage-du-puits-pr\u00e8s-des-nouvelles-salles-en-construction.jpg 1080w\" sizes=\"auto, (max-width: 300px) 100vw, 300px\" \/><figcaption id=\"caption-attachment-966\" class=\"wp-caption-text\">Forage du puits pr\u00e8s des nouvelles salles en construction<\/figcaption><\/figure>\n<figure id=\"attachment_975\" aria-describedby=\"caption-attachment-975\" style=\"width: 300px\" class=\"wp-caption aligncenter\"><img loading=\"lazy\" decoding=\"async\" class=\"size-medium wp-image-975\" src=\"https:\/\/cuihamo.fr\/wp-content\/uploads\/2016\/07\/Puits-pr\u00e8s-de-l\u00e9cole-de-Komb\u00e9-300x169.jpg\" alt=\"\" width=\"300\" height=\"169\" srcset=\"https:\/\/cuihamo.fr\/wp-content\/uploads\/2016\/07\/Puits-pr\u00e8s-de-l\u00e9cole-de-Komb\u00e9-300x169.jpg 300w, https:\/\/cuihamo.fr\/wp-content\/uploads\/2016\/07\/Puits-pr\u00e8s-de-l\u00e9cole-de-Komb\u00e9-768x432.jpg 768w, https:\/\/cuihamo.fr\/wp-content\/uploads\/2016\/07\/Puits-pr\u00e8s-de-l\u00e9cole-de-Komb\u00e9-1024x576.jpg 1024w, https:\/\/cuihamo.fr\/wp-content\/uploads\/2016\/07\/Puits-pr\u00e8s-de-l\u00e9cole-de-Komb\u00e9.jpg 1080w\" sizes=\"auto, (max-width: 300px) 100vw, 300px\" \/><figcaption id=\"caption-attachment-975\" class=\"wp-caption-text\">Puits pr\u00e8s de l&rsquo;\u00e9cole de Komb\u00e9.<\/figcaption><\/figure>\n<p>&nbsp;<\/p>\n<figure id=\"attachment_967\" aria-describedby=\"caption-attachment-967\" style=\"width: 300px\" class=\"wp-caption aligncenter\"><img loading=\"lazy\" decoding=\"async\" class=\"size-medium wp-image-967\" src=\"https:\/\/cuihamo.fr\/wp-content\/uploads\/2015\/07\/2018-Puits-desservant-l\u00e9cole-de-Komb\u00e9-avec-sa-pompe-\u00e0-bras-300x169.jpg\" alt=\"\" width=\"300\" height=\"169\" srcset=\"https:\/\/cuihamo.fr\/wp-content\/uploads\/2015\/07\/2018-Puits-desservant-l\u00e9cole-de-Komb\u00e9-avec-sa-pompe-\u00e0-bras-300x169.jpg 300w, https:\/\/cuihamo.fr\/wp-content\/uploads\/2015\/07\/2018-Puits-desservant-l\u00e9cole-de-Komb\u00e9-avec-sa-pompe-\u00e0-bras-768x432.jpg 768w, https:\/\/cuihamo.fr\/wp-content\/uploads\/2015\/07\/2018-Puits-desservant-l\u00e9cole-de-Komb\u00e9-avec-sa-pompe-\u00e0-bras-1024x576.jpg 1024w, https:\/\/cuihamo.fr\/wp-content\/uploads\/2015\/07\/2018-Puits-desservant-l\u00e9cole-de-Komb\u00e9-avec-sa-pompe-\u00e0-bras.jpg 1080w\" sizes=\"auto, (max-width: 300px) 100vw, 300px\" \/><figcaption id=\"caption-attachment-967\" class=\"wp-caption-text\">Puits desservant l&rsquo;\u00e9cole de Komb\u00e9 avec sa pompe \u00e0 bras.<\/figcaption><\/figure>\n","protected":false},"excerpt":{"rendered":"<p>En 2015, l&rsquo;association CUI.HA.MO. a achet\u00e9 un terrain sur lequel ont \u00e9t\u00e9 r\u00e9alis\u00e9s un forage d\u2019un puits, avec un ch\u00e2teau d\u2019eau muni de pompe \u00e9lectrique avec groupe \u00e9lectrog\u00e8ne. Il existe un puits d&rsquo;eau non potable&hellip;<\/p>\n<p class=\"more-link-wrapper\"><a href=\"https:\/\/cuihamo.fr\/?page_id=814\" class=\"more-link\">Continue Reading<span class=\"screen-reader-text\"> \u00ab\u00a0Forages de puits\u00a0\u00bb<\/span><\/a><\/p>\n","protected":false},"author":5,"featured_media":0,"parent":23,"menu_order":14,"comment_status":"closed","ping_status":"open","template":"","meta":{"footnotes":""},"class_list":["post-814","page","type-page","status-publish","hentry"],"_links":{"self":[{"href":"https:\/\/cuihamo.fr\/index.php?rest_route=\/wp\/v2\/pages\/814","targetHints":{"allow":["GET"]}}],"collection":[{"href":"https:\/\/cuihamo.fr\/index.php?rest_route=\/wp\/v2\/pages"}],"about":[{"href":"https:\/\/cuihamo.fr\/index.php?rest_route=\/wp\/v2\/types\/page"}],"author":[{"embeddable":true,"href":"https:\/\/cuihamo.fr\/index.php?rest_route=\/wp\/v2\/users\/5"}],"replies":[{"embeddable":true,"href":"https:\/\/cuihamo.fr\/index.php?rest_route=%2Fwp%2Fv2%2Fcomments&post=814"}],"version-history":[{"count":6,"href":"https:\/\/cuihamo.fr\/index.php?rest_route=\/wp\/v2\/pages\/814\/revisions"}],"predecessor-version":[{"id":1056,"href":"https:\/\/cuihamo.fr\/index.php?rest_route=\/wp\/v2\/pages\/814\/revisions\/1056"}],"up":[{"embeddable":true,"href":"https:\/\/cuihamo.fr\/index.php?rest_route=\/wp\/v2\/pages\/23"}],"wp:attachment":[{"href":"https:\/\/cuihamo.fr\/index.php?rest_route=%2Fwp%2Fv2%2Fmedia&parent=814"}],"curies":[{"name":"wp","href":"https:\/\/api.w.org\/{rel}","templated":true}]}}