{"id":857,"date":"2017-07-31T20:10:22","date_gmt":"2017-07-31T19:10:22","guid":{"rendered":"https:\/\/www.cuihamo.fr\/?page_id=857"},"modified":"2025-03-02T22:42:09","modified_gmt":"2025-03-02T21:42:09","slug":"actionsrealisations-20162017","status":"publish","type":"page","link":"https:\/\/cuihamo.fr\/?page_id=857","title":{"rendered":"Actions 2016\/2017"},"content":{"rendered":"<p>Durant l\u2019ann\u00e9e 2016\/2017, CUI HA MO a soutenu au Cameroun diff\u00e9rentes actions :<\/p>\n<p>Le lien vers la vid\u00e9o des actions r\u00e9alis\u00e9es :&nbsp; &nbsp; &nbsp; &nbsp; &nbsp; <a href=\"https:\/\/youtu.be\/Gn6NvLIuuOY\">https:\/\/youtu.be\/Gn6NvLIuuOY<\/a><\/p>\n<p><img decoding=\"async\" class=\"aligncenter\" src=\"https:\/\/www.youtube.com\/upload_thumbnail?v=Gn6NvLIuuOY&amp;t=hqdefault&amp;ts=1514501917710\"\/><\/p>\n<p>&nbsp;<\/p>\n<ul>\n<li>La prise en charge de la scolarit\u00e9 d\u2019\u00e9l\u00e8ves orphelins ou compl\u00e8tement d\u00e9munis&nbsp;; elle concerne l\u2019habillement, les repas et tous les frais scolaires. Ainsi 7 \u00e9l\u00e8ves dont deux en 6<sup>e<\/sup>, un en 3e, un en seconde, un en 1<sup>\u00e8re<\/sup> et deux en Terminale ont b\u00e9n\u00e9fici\u00e9 de ce soutien.<\/li>\n<\/ul>\n<p>&nbsp;<\/p>\n<ul>\n<li>La prise en charge des frais de scolarit\u00e9 d\u2019une \u00e9l\u00e8ve infirmi\u00e8re.<\/li>\n<\/ul>\n<p>&nbsp;<\/p>\n<ul>\n<li>Nous avons financ\u00e9 les travaux d\u2019une salle de classe suppl\u00e9mentaire \u00e0 l\u2019\u00e9cole de Komb\u00e9.<\/li>\n<\/ul>\n<p>&nbsp;<\/p>\n<ul>\n<li>Nous avons achet\u00e9 un groupe \u00e9lectrog\u00e8ne pour le ch\u00e2teau d\u2019eau.<\/li>\n<\/ul>\n<p>&nbsp;<\/p>\n<ul>\n<li>Nous avons termin\u00e9 la construction du centre CUI.HA.MO., c\u2019est-\u00e0-dire de quatre chambres et des toilettes ext\u00e9rieures permettant l\u2019accueil de jeunes et d\u2019enseignants.<\/li>\n<\/ul>\n<p>&nbsp;<\/p>\n<ul>\n<li>Pour les aveugles et leur Centre, nous avons pris en charge les frais de scolarit\u00e9 de 10 jeunes aveugles et nous avons sur\u00e9lev\u00e9 un mur au Centre des Aveugles, afin de le s\u00e9curiser davantage.<\/li>\n<\/ul>\n<p>&nbsp;<\/p>\n<ul>\n<li>Au niveau du social, l\u2019Association a permis une assistance par la prise en charge des frais de soin d\u2019un enseignant.<\/li>\n<\/ul>\n<p>&nbsp;<\/p>\n<ul>\n<li>Nous avons aid\u00e9 la veuve du ma\u00e7on d\u00e9c\u00e9d\u00e9&nbsp;en fournissant du mat\u00e9riel pour l\u2019installation d\u2019un petit commerce.<\/li>\n<\/ul>\n<p>&nbsp;<\/p>\n<ul>\n<li>Une autre activit\u00e9 consiste \u00e0 exp\u00e9dier des colis avec des ordinateurs, des jouets, des habits etc\u2026<\/li>\n<\/ul>\n","protected":false},"excerpt":{"rendered":"<p>Durant l\u2019ann\u00e9e 2016\/2017, CUI HA MO a soutenu au Cameroun diff\u00e9rentes actions : Le lien vers la vid\u00e9o des actions r\u00e9alis\u00e9es :&nbsp; &nbsp; &nbsp; &nbsp; &nbsp; https:\/\/youtu.be\/Gn6NvLIuuOY &nbsp; La prise en charge de la scolarit\u00e9&hellip;<\/p>\n<p class=\"more-link-wrapper\"><a href=\"https:\/\/cuihamo.fr\/?page_id=857\" class=\"more-link\">Continue Reading<span class=\"screen-reader-text\"> \u00ab\u00a0Actions 2016\/2017\u00a0\u00bb<\/span><\/a><\/p>\n","protected":false},"author":5,"featured_media":0,"parent":23,"menu_order":5,"comment_status":"closed","ping_status":"closed","template":"","meta":{"footnotes":""},"class_list":["post-857","page","type-page","status-publish","hentry"],"_links":{"self":[{"href":"https:\/\/cuihamo.fr\/index.php?rest_route=\/wp\/v2\/pages\/857","targetHints":{"allow":["GET"]}}],"collection":[{"href":"https:\/\/cuihamo.fr\/index.php?rest_route=\/wp\/v2\/pages"}],"about":[{"href":"https:\/\/cuihamo.fr\/index.php?rest_route=\/wp\/v2\/types\/page"}],"author":[{"embeddable":true,"href":"https:\/\/cuihamo.fr\/index.php?rest_route=\/wp\/v2\/users\/5"}],"replies":[{"embeddable":true,"href":"https:\/\/cuihamo.fr\/index.php?rest_route=%2Fwp%2Fv2%2Fcomments&post=857"}],"version-history":[{"count":11,"href":"https:\/\/cuihamo.fr\/index.php?rest_route=\/wp\/v2\/pages\/857\/revisions"}],"predecessor-version":[{"id":1307,"href":"https:\/\/cuihamo.fr\/index.php?rest_route=\/wp\/v2\/pages\/857\/revisions\/1307"}],"up":[{"embeddable":true,"href":"https:\/\/cuihamo.fr\/index.php?rest_route=\/wp\/v2\/pages\/23"}],"wp:attachment":[{"href":"https:\/\/cuihamo.fr\/index.php?rest_route=%2Fwp%2Fv2%2Fmedia&parent=857"}],"curies":[{"name":"wp","href":"https:\/\/api.w.org\/{rel}","templated":true}]}}