{"id":877,"date":"2017-12-29T20:21:39","date_gmt":"2017-12-29T19:21:39","guid":{"rendered":"https:\/\/www.cuihamo.fr\/?page_id=877"},"modified":"2022-09-11T19:00:56","modified_gmt":"2022-09-11T18:00:56","slug":"actions-20172018","status":"publish","type":"page","link":"https:\/\/cuihamo.fr\/?page_id=877","title":{"rendered":"Actions 2017\/2018"},"content":{"rendered":"<p>&nbsp;<\/p>\n<p><span style=\"color: #ff6600;\"><strong>Les actions et r\u00e9alisations 2017\/2018:&nbsp;<\/strong><\/span><\/p>\n<p><strong>&nbsp; &nbsp; 1.Aide aux jeunes aveugles :<\/strong><\/p>\n<ul>\n<li>L\u2019Association a pris en charge la scolarit\u00e9 de douze enfants non-voyants.<\/li>\n<li>Am\u00e9nagement d\u2019une salle informatique s\u00e9curis\u00e9e au Centre des Aveugles et d\u00e9marrage de la construction d&rsquo;un r\u00e9fectoire.<\/li>\n<\/ul>\n<p>&nbsp;<\/p>\n<p><strong>2. Poursuite de l\u2019aide \u00e0 la scolarisation d\u2019enfants d\u00e9munis et formation d\u2019\u00e9tudiants:<\/strong><\/p>\n<ul>\n<li>Prise en charge des frais de scolarisation de neuf enfants d\u00e9munis et formation d&rsquo;une \u00e9l\u00e8ve-infirmi\u00e8re et d&rsquo;un \u00e9tudiant universitaire<\/li>\n<\/ul>\n<p>&nbsp;<\/p>\n<p><strong>3. Aide \u00e0 la veuve du ma\u00e7on d\u00e9c\u00e9d\u00e9 :<\/strong> prise en charge de denr\u00e9es pour d\u00e9marrer le commerce.<\/p>\n<p><strong>4. R\u00e8glement des frais d\u2019hospitalisation du ma\u00e7on d\u00e9c\u00e9d\u00e9.<\/strong><\/p>\n<p><strong>5. Constructions :<\/strong><\/p>\n<ul>\n<li>Construction de toilettes \u00e0 l\u2019\u00e9cole de KOMBE et d\u2019un bureau.<\/li>\n<li>Achat de bancs et tables suppl\u00e9mentaires pour l\u2019\u00e9cole de KOMBE.<\/li>\n<li>Suite de la construction de la maison CUI.HA.MO. permettant l\u2019accueil de jeunes et d\u2019enseignants.<\/li>\n<\/ul>\n<p>Voici le lien vers le Film 1 des actions men\u00e9es en faveur du Centre des aveugles, des enfants d\u00e9munis et d&rsquo;une \u00e9l\u00e8ve infirmi\u00e8re:<\/p>\n<p>&nbsp;<\/p>\n<div style=\"width: 640px;\" class=\"wp-video\"><video class=\"wp-video-shortcode\" id=\"video-877-1\" width=\"640\" height=\"352\" preload=\"metadata\" controls=\"controls\"><source type=\"video\/mp4\" src=\"https:\/\/cuihamo.fr\/wp-content\/uploads\/2017\/12\/film-1.mp4?_=1\" \/><a href=\"https:\/\/cuihamo.fr\/wp-content\/uploads\/2017\/12\/film-1.mp4\">https:\/\/cuihamo.fr\/wp-content\/uploads\/2017\/12\/film-1.mp4<\/a><\/video><\/div>\n<p>&nbsp;<\/p>\n<p>Voici le film 2 qui montre le cadre de vie des aveugles et les manques \u00e0 ce niveau ainsi que le projet d&rsquo;agrandissement de l&rsquo;\u00e9cole de KOMBE:<\/p>\n<p>&nbsp;<\/p>\n<div style=\"width: 592px;\" class=\"wp-video\"><video class=\"wp-video-shortcode\" id=\"video-877-2\" width=\"592\" height=\"400\" preload=\"metadata\" controls=\"controls\"><source type=\"video\/mp4\" src=\"https:\/\/cuihamo.fr\/wp-content\/uploads\/2017\/12\/film-2.mp4?_=2\" \/><a href=\"https:\/\/cuihamo.fr\/wp-content\/uploads\/2017\/12\/film-2.mp4\">https:\/\/cuihamo.fr\/wp-content\/uploads\/2017\/12\/film-2.mp4<\/a><\/video><\/div>\n<ul>\n<li>Gr\u00e2ce \u00e0 des bienfaiteurs touch\u00e9s par le handicap du gar\u00e7on ne se d\u00e9pla\u00e7ant qu&rsquo;en rampant, il a pu b\u00e9n\u00e9ficier de genouill\u00e8res afin de prot\u00e9ger ses genoux d\u00e9j\u00e0 lourdement ab\u00eem\u00e9s par les frottements contre le sol rocailleux.<\/li>\n<\/ul>\n<div style=\"width: 640px;\" class=\"wp-video\"><video class=\"wp-video-shortcode\" id=\"video-877-3\" width=\"640\" height=\"480\" preload=\"metadata\" controls=\"controls\"><source type=\"video\/mp4\" src=\"https:\/\/cuihamo.fr\/wp-content\/uploads\/2017\/12\/t\u00e9l\u00e9phone-d\u00e9cembre-2017-420.mp4?_=3\" \/><a href=\"https:\/\/cuihamo.fr\/wp-content\/uploads\/2017\/12\/t\u00e9l\u00e9phone-d\u00e9cembre-2017-420.mp4\">https:\/\/cuihamo.fr\/wp-content\/uploads\/2017\/12\/t\u00e9l\u00e9phone-d\u00e9cembre-2017-420.mp4<\/a><\/video><\/div>\n<p>&nbsp;<\/p>\n<div style=\"width: 640px;\" class=\"wp-video\"><video class=\"wp-video-shortcode\" id=\"video-877-4\" width=\"640\" height=\"480\" preload=\"metadata\" controls=\"controls\"><source type=\"video\/mp4\" src=\"https:\/\/cuihamo.fr\/wp-content\/uploads\/2017\/12\/t\u00e9l\u00e9phone-d\u00e9cembre-2017-414.mp4?_=4\" \/><a href=\"https:\/\/cuihamo.fr\/wp-content\/uploads\/2017\/12\/t\u00e9l\u00e9phone-d\u00e9cembre-2017-414.mp4\">https:\/\/cuihamo.fr\/wp-content\/uploads\/2017\/12\/t\u00e9l\u00e9phone-d\u00e9cembre-2017-414.mp4<\/a><\/video><\/div>\n<p>&nbsp;<\/p>\n<div style=\"width: 640px;\" class=\"wp-video\"><video class=\"wp-video-shortcode\" id=\"video-877-5\" width=\"640\" height=\"480\" preload=\"metadata\" controls=\"controls\"><source type=\"video\/mp4\" src=\"https:\/\/cuihamo.fr\/wp-content\/uploads\/2017\/12\/t\u00e9l\u00e9phone-d\u00e9cembre-2017-415.mp4?_=5\" \/><a href=\"https:\/\/cuihamo.fr\/wp-content\/uploads\/2017\/12\/t\u00e9l\u00e9phone-d\u00e9cembre-2017-415.mp4\">https:\/\/cuihamo.fr\/wp-content\/uploads\/2017\/12\/t\u00e9l\u00e9phone-d\u00e9cembre-2017-415.mp4<\/a><\/video><\/div>\n<p>&nbsp;<\/p>\n<ul>\n<li>Des habits sont distribu\u00e9s aux personnes les plus d\u00e9munies et voici des photos et une vid\u00e9o o\u00f9 l&rsquo;Abb\u00e9 Gabriel distribue aux enfants des v\u00eatements collect\u00e9s dans l&rsquo;Est de la France&nbsp; :<\/li>\n<\/ul>\n<p>&nbsp;<\/p>\n<div style=\"width: 640px;\" class=\"wp-video\"><video class=\"wp-video-shortcode\" id=\"video-877-6\" width=\"640\" height=\"352\" preload=\"metadata\" controls=\"controls\"><source type=\"video\/mp4\" src=\"https:\/\/cuihamo.fr\/wp-content\/uploads\/2017\/12\/t\u00e9l\u00e9phone-d\u00e9cembre-2017-413.mp4?_=6\" \/><a href=\"https:\/\/cuihamo.fr\/wp-content\/uploads\/2017\/12\/t\u00e9l\u00e9phone-d\u00e9cembre-2017-413.mp4\">https:\/\/cuihamo.fr\/wp-content\/uploads\/2017\/12\/t\u00e9l\u00e9phone-d\u00e9cembre-2017-413.mp4<\/a><\/video><\/div>\n<figure id=\"attachment_885\" aria-describedby=\"caption-attachment-885\" style=\"width: 300px\" class=\"wp-caption aligncenter\"><img loading=\"lazy\" decoding=\"async\" class=\"size-medium wp-image-885\" src=\"https:\/\/cuihamo.fr\/wp-content\/uploads\/2017\/12\/enfants_1-300x169.jpg\" alt=\"\" width=\"300\" height=\"169\" srcset=\"https:\/\/cuihamo.fr\/wp-content\/uploads\/2017\/12\/enfants_1-300x169.jpg 300w, https:\/\/cuihamo.fr\/wp-content\/uploads\/2017\/12\/enfants_1-768x432.jpg 768w, https:\/\/cuihamo.fr\/wp-content\/uploads\/2017\/12\/enfants_1-1024x576.jpg 1024w, https:\/\/cuihamo.fr\/wp-content\/uploads\/2017\/12\/enfants_1.jpg 1052w\" sizes=\"auto, (max-width: 300px) 100vw, 300px\" \/><figcaption id=\"caption-attachment-885\" class=\"wp-caption-text\">L&rsquo;abb\u00e9 Gabriel avec les enfants<\/figcaption><\/figure>\n<p>&nbsp;<\/p>\n<p><img loading=\"lazy\" decoding=\"async\" class=\"aligncenter size-medium wp-image-886\" src=\"https:\/\/cuihamo.fr\/wp-content\/uploads\/2017\/12\/enfants_2-300x169.jpg\" alt=\"\" width=\"300\" height=\"169\" srcset=\"https:\/\/cuihamo.fr\/wp-content\/uploads\/2017\/12\/enfants_2-300x169.jpg 300w, https:\/\/cuihamo.fr\/wp-content\/uploads\/2017\/12\/enfants_2-768x432.jpg 768w, https:\/\/cuihamo.fr\/wp-content\/uploads\/2017\/12\/enfants_2-1024x576.jpg 1024w, https:\/\/cuihamo.fr\/wp-content\/uploads\/2017\/12\/enfants_2.jpg 1052w\" sizes=\"auto, (max-width: 300px) 100vw, 300px\" \/><\/p>\n<p>&nbsp;<\/p>\n<figure id=\"attachment_887\" aria-describedby=\"caption-attachment-887\" style=\"width: 300px\" class=\"wp-caption aligncenter\"><img loading=\"lazy\" decoding=\"async\" class=\"size-medium wp-image-887\" src=\"https:\/\/cuihamo.fr\/wp-content\/uploads\/2017\/12\/enfants_3-300x169.jpg\" alt=\"\" width=\"300\" height=\"169\" srcset=\"https:\/\/cuihamo.fr\/wp-content\/uploads\/2017\/12\/enfants_3-300x169.jpg 300w, https:\/\/cuihamo.fr\/wp-content\/uploads\/2017\/12\/enfants_3-768x432.jpg 768w, https:\/\/cuihamo.fr\/wp-content\/uploads\/2017\/12\/enfants_3-1024x576.jpg 1024w, https:\/\/cuihamo.fr\/wp-content\/uploads\/2017\/12\/enfants_3.jpg 1052w\" sizes=\"auto, (max-width: 300px) 100vw, 300px\" \/><figcaption id=\"caption-attachment-887\" class=\"wp-caption-text\">Les enfants et l&rsquo;Abb\u00e9 Gabriel<\/figcaption><\/figure>\n<p>&nbsp;<\/p>\n<figure id=\"attachment_883\" aria-describedby=\"caption-attachment-883\" style=\"width: 300px\" class=\"wp-caption aligncenter\"><img loading=\"lazy\" decoding=\"async\" class=\"size-medium wp-image-883\" src=\"https:\/\/cuihamo.fr\/wp-content\/uploads\/2017\/12\/distribution_1-300x169.jpg\" alt=\"\" width=\"300\" height=\"169\" srcset=\"https:\/\/cuihamo.fr\/wp-content\/uploads\/2017\/12\/distribution_1-300x169.jpg 300w, https:\/\/cuihamo.fr\/wp-content\/uploads\/2017\/12\/distribution_1-768x432.jpg 768w, https:\/\/cuihamo.fr\/wp-content\/uploads\/2017\/12\/distribution_1-1024x576.jpg 1024w, https:\/\/cuihamo.fr\/wp-content\/uploads\/2017\/12\/distribution_1.jpg 1052w\" sizes=\"auto, (max-width: 300px) 100vw, 300px\" \/><figcaption id=\"caption-attachment-883\" class=\"wp-caption-text\">Distribution des habits<\/figcaption><\/figure>\n<p>&nbsp;<\/p>\n<figure id=\"attachment_884\" aria-describedby=\"caption-attachment-884\" style=\"width: 300px\" class=\"wp-caption aligncenter\"><img loading=\"lazy\" decoding=\"async\" class=\"size-medium wp-image-884\" src=\"https:\/\/cuihamo.fr\/wp-content\/uploads\/2017\/12\/distribution_2-300x169.jpg\" alt=\"\" width=\"300\" height=\"169\" srcset=\"https:\/\/cuihamo.fr\/wp-content\/uploads\/2017\/12\/distribution_2-300x169.jpg 300w, https:\/\/cuihamo.fr\/wp-content\/uploads\/2017\/12\/distribution_2-768x432.jpg 768w, https:\/\/cuihamo.fr\/wp-content\/uploads\/2017\/12\/distribution_2-1024x576.jpg 1024w, https:\/\/cuihamo.fr\/wp-content\/uploads\/2017\/12\/distribution_2.jpg 1052w\" sizes=\"auto, (max-width: 300px) 100vw, 300px\" \/><figcaption id=\"caption-attachment-884\" class=\"wp-caption-text\">Des enfants heureux avec leurs nouveaux habits.<\/figcaption><\/figure>\n","protected":false},"excerpt":{"rendered":"<p>&nbsp; Les actions et r\u00e9alisations 2017\/2018:&nbsp; &nbsp; &nbsp; 1.Aide aux jeunes aveugles : L\u2019Association a pris en charge la scolarit\u00e9 de douze enfants non-voyants. Am\u00e9nagement d\u2019une salle informatique s\u00e9curis\u00e9e au Centre des Aveugles et d\u00e9marrage&hellip;<\/p>\n<p class=\"more-link-wrapper\"><a href=\"https:\/\/cuihamo.fr\/?page_id=877\" class=\"more-link\">Continue Reading<span class=\"screen-reader-text\"> \u00ab\u00a0Actions 2017\/2018\u00a0\u00bb<\/span><\/a><\/p>\n","protected":false},"author":5,"featured_media":0,"parent":23,"menu_order":4,"comment_status":"closed","ping_status":"closed","template":"","meta":{"footnotes":""},"class_list":["post-877","page","type-page","status-publish","hentry"],"_links":{"self":[{"href":"https:\/\/cuihamo.fr\/index.php?rest_route=\/wp\/v2\/pages\/877","targetHints":{"allow":["GET"]}}],"collection":[{"href":"https:\/\/cuihamo.fr\/index.php?rest_route=\/wp\/v2\/pages"}],"about":[{"href":"https:\/\/cuihamo.fr\/index.php?rest_route=\/wp\/v2\/types\/page"}],"author":[{"embeddable":true,"href":"https:\/\/cuihamo.fr\/index.php?rest_route=\/wp\/v2\/users\/5"}],"replies":[{"embeddable":true,"href":"https:\/\/cuihamo.fr\/index.php?rest_route=%2Fwp%2Fv2%2Fcomments&post=877"}],"version-history":[{"count":14,"href":"https:\/\/cuihamo.fr\/index.php?rest_route=\/wp\/v2\/pages\/877\/revisions"}],"predecessor-version":[{"id":1043,"href":"https:\/\/cuihamo.fr\/index.php?rest_route=\/wp\/v2\/pages\/877\/revisions\/1043"}],"up":[{"embeddable":true,"href":"https:\/\/cuihamo.fr\/index.php?rest_route=\/wp\/v2\/pages\/23"}],"wp:attachment":[{"href":"https:\/\/cuihamo.fr\/index.php?rest_route=%2Fwp%2Fv2%2Fmedia&parent=877"}],"curies":[{"name":"wp","href":"https:\/\/api.w.org\/{rel}","templated":true}]}}