{"id":924,"date":"2018-08-12T15:12:59","date_gmt":"2018-08-12T14:12:59","guid":{"rendered":"https:\/\/www.cuihamo.fr\/?page_id=924"},"modified":"2022-09-11T19:39:24","modified_gmt":"2022-09-11T18:39:24","slug":"centre-cuihamo","status":"publish","type":"page","link":"https:\/\/cuihamo.fr\/?page_id=924","title":{"rendered":"Centre CUIHAMO"},"content":{"rendered":"<p>En 2015, l&rsquo;Association investit dans un Centre (b\u00e2timents avec chambres) pour pouvoir accueillir des \u00e9tudiants et des enseignants: achat d&rsquo;un terrain et d\u00e9but de la construction.<\/p>\n<p>En 2016, poursuite des travaux au Centre CUIHAMO.<\/p>\n<p>En 2017, finalisation des travaux au Centre CUIHAMO.<\/p>\n<p>Voici des vid\u00e9os de la vie au Centre CUIHAMO :<\/p>\n<div style=\"width: 925px;\" class=\"wp-video\"><video class=\"wp-video-shortcode\" id=\"video-924-1\" width=\"925\" height=\"520\" preload=\"metadata\" controls=\"controls\"><source type=\"video\/mp4\" src=\"https:\/\/cuihamo.fr\/wp-content\/uploads\/2018\/08\/film-3.mp4?_=1\" \/><a href=\"https:\/\/cuihamo.fr\/wp-content\/uploads\/2018\/08\/film-3.mp4\">https:\/\/cuihamo.fr\/wp-content\/uploads\/2018\/08\/film-3.mp4<\/a><\/video><\/div>\n<p>&nbsp;<\/p>\n<div style=\"width: 925px;\" class=\"wp-video\"><video class=\"wp-video-shortcode\" id=\"video-924-2\" width=\"925\" height=\"520\" preload=\"metadata\" controls=\"controls\"><source type=\"video\/mp4\" src=\"https:\/\/cuihamo.fr\/wp-content\/uploads\/2018\/08\/film-4.mp4?_=2\" \/><a href=\"https:\/\/cuihamo.fr\/wp-content\/uploads\/2018\/08\/film-4.mp4\">https:\/\/cuihamo.fr\/wp-content\/uploads\/2018\/08\/film-4.mp4<\/a><\/video><\/div>\n<p>&nbsp;<\/p>\n<div style=\"width: 925px;\" class=\"wp-video\"><video class=\"wp-video-shortcode\" id=\"video-924-3\" width=\"925\" height=\"520\" preload=\"metadata\" controls=\"controls\"><source type=\"video\/mp4\" src=\"https:\/\/cuihamo.fr\/wp-content\/uploads\/2018\/08\/film-5.mp4?_=3\" \/><a href=\"https:\/\/cuihamo.fr\/wp-content\/uploads\/2018\/08\/film-5.mp4\">https:\/\/cuihamo.fr\/wp-content\/uploads\/2018\/08\/film-5.mp4<\/a><\/video><\/div>\n<p>&nbsp;<\/p>\n<div style=\"width: 925px;\" class=\"wp-video\"><video class=\"wp-video-shortcode\" id=\"video-924-4\" width=\"925\" height=\"520\" preload=\"metadata\" controls=\"controls\"><source type=\"video\/mp4\" src=\"https:\/\/cuihamo.fr\/wp-content\/uploads\/2018\/08\/film-6.mp4?_=4\" \/><a href=\"https:\/\/cuihamo.fr\/wp-content\/uploads\/2018\/08\/film-6.mp4\">https:\/\/cuihamo.fr\/wp-content\/uploads\/2018\/08\/film-6.mp4<\/a><\/video><\/div>\n<p>&nbsp;<\/p>\n<div style=\"width: 640px;\" class=\"wp-video\"><video class=\"wp-video-shortcode\" id=\"video-924-5\" width=\"640\" height=\"352\" preload=\"metadata\" controls=\"controls\"><source type=\"video\/mp4\" src=\"https:\/\/cuihamo.fr\/wp-content\/uploads\/2018\/08\/film-7.mp4?_=5\" \/><a href=\"https:\/\/cuihamo.fr\/wp-content\/uploads\/2018\/08\/film-7.mp4\">https:\/\/cuihamo.fr\/wp-content\/uploads\/2018\/08\/film-7.mp4<\/a><\/video><\/div>\n","protected":false},"excerpt":{"rendered":"<p>En 2015, l&rsquo;Association investit dans un Centre (b\u00e2timents avec chambres) pour pouvoir accueillir des \u00e9tudiants et des enseignants: achat d&rsquo;un terrain et d\u00e9but de la construction. En 2016, poursuite des travaux au Centre CUIHAMO. En&hellip;<\/p>\n<p class=\"more-link-wrapper\"><a href=\"https:\/\/cuihamo.fr\/?page_id=924\" class=\"more-link\">Continue Reading<span class=\"screen-reader-text\"> \u00ab\u00a0Centre CUIHAMO\u00a0\u00bb<\/span><\/a><\/p>\n","protected":false},"author":5,"featured_media":0,"parent":23,"menu_order":10,"comment_status":"closed","ping_status":"closed","template":"","meta":{"footnotes":""},"class_list":["post-924","page","type-page","status-publish","hentry"],"_links":{"self":[{"href":"https:\/\/cuihamo.fr\/index.php?rest_route=\/wp\/v2\/pages\/924","targetHints":{"allow":["GET"]}}],"collection":[{"href":"https:\/\/cuihamo.fr\/index.php?rest_route=\/wp\/v2\/pages"}],"about":[{"href":"https:\/\/cuihamo.fr\/index.php?rest_route=\/wp\/v2\/types\/page"}],"author":[{"embeddable":true,"href":"https:\/\/cuihamo.fr\/index.php?rest_route=\/wp\/v2\/users\/5"}],"replies":[{"embeddable":true,"href":"https:\/\/cuihamo.fr\/index.php?rest_route=%2Fwp%2Fv2%2Fcomments&post=924"}],"version-history":[{"count":2,"href":"https:\/\/cuihamo.fr\/index.php?rest_route=\/wp\/v2\/pages\/924\/revisions"}],"predecessor-version":[{"id":933,"href":"https:\/\/cuihamo.fr\/index.php?rest_route=\/wp\/v2\/pages\/924\/revisions\/933"}],"up":[{"embeddable":true,"href":"https:\/\/cuihamo.fr\/index.php?rest_route=\/wp\/v2\/pages\/23"}],"wp:attachment":[{"href":"https:\/\/cuihamo.fr\/index.php?rest_route=%2Fwp%2Fv2%2Fmedia&parent=924"}],"curies":[{"name":"wp","href":"https:\/\/api.w.org\/{rel}","templated":true}]}}